
Suppose 3*v - 549 - 17558 = -m, 0 = -4*m + 4*v + 72300. What is the tens digit of m?
8
Let z(x) = -14*x - 25. Let a be z(-2). Suppose -3*y - y + 3356 = 2*p, -y + 839 = a*p. What is the tens digit of y?
3
Let d(s) = -s**3 + 8*s**2 + 20*s - 33. Suppose 9*n - 54 = 3*n. What is the units digit of d(n)?
6
Let s = -40027 - -60582. What is the tens digit of s?
5
Let o(w) = w**3 - 3*w**2 - 4*w - 2. Suppose -4 = 9*t - 7*t. Let p be (0 - -1)/t*(16 - 28). What is the tens digit of o(p)?
8
Let w(p) = -4*p**2 + 11*p - 8. Let d(z) = -z + 1. Let v(l) = 4*d(l) + w(l). Let k be v(4). What is the units digit of (k/2)/(40/(-260))?
0
Suppose 2*l = -4*m + 216, -5*m + 3*l + 270 = 5*l. Let r = m + -49. What is the units digit of ((-16)/r)/(2/(-5))?
8
What is the tens digit of (-4)/(-14) + 10567282/2114?
9
Let z(j) = j**2 - 3*j + 16. Let h(a) = -a**2 + 4*a - 16. Let v(w) = -3*h(w) - 2*z(w). Let p be v(10). Let o = -36 + p. What is the units digit of o?
0
Suppose -36*f + 219508 + 384040 = 8*f. What is the ten thousands digit of f?
1
Let l be (8/14)/(4/14) + -36. What is the units digit of 330 + ((-29)/(-9) - l/(-153))?
3
Let l(r) be the third derivative of 26*r**4/3 + 91*r**3/6 + 238*r**2. What is the tens digit of l(4)?
2
Suppose -3*r + 21983 = 3*d - 3427, 2*d + r - 16942 = 0. What is the units digit of d?
2
Let d = 11 - 6. Suppose 0*j = -2*a + 3*j + 52, -a - d*j = 0. Let l = 136 + a. What is the tens digit of l?
5
Let g = 53259 + -33796. What is the ten thousands digit of g?
1
Let a = 225 + -221. Suppose a*r + 4*c - 2052 = 0, -r - 4*c = 13 - 535. What is the tens digit of r?
1
Let g be 2/(-5)*(-3 - 10/5). Suppose 2*o - 3*a + 1 = 0, -g*o = -0*o + a - 19. What is the tens digit of o/((-14)/6) - -173?
7
Let j be (-1)/(-2) - (-6)/4. Suppose 9 - 5 = j*h. What is the units digit of 1 + 25 - (h + -6)?
0
Suppose -85*d + 9725820 = 40*d + 265*d. What is the ten thousands digit of d?
2
Let b be 17/4 - 5*6/(-40). Suppose 0 = 3*g - 2*w - 3140 + 480, -2*g = -b*w - 1788. What is the units digit of g?
4
Let p(c) = 12*c**2 - 18*c - 7. Suppose -13*w + 17*w = -4*v + 40, 3*v = -5*w + 32. What is the units digit of p(v)?
3
Let w(p) = p + 8. Suppose 15 + 1 = -4*z - 2*n, 5*z = -4*n - 14. Let f be w(z). What is the units digit of f - (-76 - 10/(-5))?
6
Let x = 21637 - 10300. What is the hundreds digit of x?
3
Suppose -2*s + 6 = -c, 0 = s + c - 2*c - 5. Let d be (s - (-2 - -4))*(-10)/2. Suppose -4*y + 513 = 4*j - d*j, -j = 5*y - 639. What is the tens digit of y?
2
Suppose 2*j + 4*z - 11762 = 5824, z - 35137 = -4*j. What is the tens digit of j?
8
Let z = 13986 + -11393. What is the hundreds digit of z?
5
Let d be -6 + 0 + 2 + -9 + 28. Suppose 2*n + 1654 = 4*l, 14*n - d*n + 1233 = 3*l. What is the units digit of l?
2
Let x(m) = -m**3 + m**2 + 44. Let l be x(0). Let n = l - -130. Suppose -8*c + n = -6*c. What is the tens digit of c?
8
Let p(c) = 14*c + 228. Suppose a = 5*n + 5, -7*a + 9*a - 66 = -4*n. What is the units digit of p(a)?
8
Suppose 3*a - 5*w - 69 = 0, -4*w + 3 - 95 = -4*a. Let k(g) = 13 - a*g + 16*g + 15*g. What is the tens digit of k(3)?
3
Let s be (800/70)/10*14/4. Suppose 4254 = s*g + 3*h, 18*g - 22*g = -4*h - 4268. What is the units digit of g?
5
Suppose -67*w + 62*w = -65. What is the hundreds digit of 6/39 + 9111/w?
7
Suppose 59 = -8*l + 3. What is the tens digit of (24/l)/((-32)/1344)?
4
Let j be -2*(-17058)/76 - 26/(-247). Suppose 21*f + j = 6287. What is the units digit of f?
8
Let g(c) = 1450*c**2 - 5*c. Let q(i) = -2902*i**2 + 9*i - 1. Let b(t) = 7*g(t) + 3*q(t). What is the units digit of b(-1)?
9
What is the hundreds digit of 8/64*9496*1?
1
What is the units digit of 350/280*146782/5 + (-3)/(-2)?
7
Let k = -24 - -28. Let u(j) = -4*j - 41*j**2 + 148*j**2 + k + j. What is the tens digit of u(1)?
0
Suppose 1211 = z - 4*h, 0 = 2*z + 4*h + 407 - 2769. What is the tens digit of z?
9
Let g = -4188 - -10233. What is the units digit of g?
5
Let i = 152 + -142. Suppose -i*d - 25725 = -31*d. What is the thousands digit of d?
1
Suppose -5*s + 5*k + 27840 = 0, 4*s - 11652 = 2*k + 10616. What is the tens digit of s?
6
What is the units digit of ((-246144)/(-672))/((-4)/(-84))?
2
Let g(l) = -5*l - 4. Let f be g(-1). Let a be 1/(-2)*16/(-3 - f). What is the tens digit of 5/((-30)/(-376)) - a/3?
6
Let q be (-2)/(-35)*5 + (-26)/(-7). Suppose 20 = -5*z, v = -4*v - q*z + 3029. What is the tens digit of v?
0
Let g = -4 - -5. Let t be 0 - -308 - (0 - (-3)/g). Suppose 5*v + 5*x = t, -3*x = 5*v - 355 + 56. What is the units digit of v?
8
Let u = 28457 - -24796. What is the thousands digit of u?
3
Let s = -61 - -52. Let g be 15/2 - -2 - s/(-18). Suppose -835 = -g*o - 16. What is the units digit of o?
1
Let m be 2 - 5/(-10)*2. Let c = m + 1. Suppose c*y = -0*y + 120. What is the units digit of y?
0
Let f(m) = -8*m**3 + 2*m**2 + 12*m. Let n be f(-5). Suppose -7*b + n = -7130. What is the thousands digit of b?
1
Let n(i) = 9946*i**2 - 33*i + 2. What is the thousands digit of n(-1)?
9
Let f(o) be the first derivative of 5*o**2/2 + 124*o - 6. Let g be 0/(-2)*(1 - 2). What is the hundreds digit of f(g)?
1
Suppose 5*h - 26*r + 22*r = 39449, h + 5*r = 7855. What is the units digit of h?
5
Suppose 129*y = 4057217 + 659873 - 609730. What is the units digit of y?
0
Let x(k) = -645*k - 782. What is the units digit of x(-5)?
3
Suppose 4*g = 2*t + 10, -5*g + 6 = -2*g - 2*t. Let y be (-2)/g + 5 + (-5)/2. Let v = y - -23. What is the units digit of v?
5
Let u(r) = 2157*r + 42. What is the units digit of u(1)?
9
Let w be (-272)/(-119) - (-2)/(-7). Suppose t + w*s = -3*t + 62, -4*s = -5*t + 84. Suppose t*m = -1729 + 6401. What is the tens digit of m?
9
Suppose 28*c = -3*c + c + 211560. What is the units digit of c?
2
Suppose 119 + 396 = 5*a. Suppose 0 = -2*p - 5*t + 327, -3*p + 390 = 5*t - a. What is the tens digit of p?
6
Let o(t) = 2*t**3 + 18*t**2 - 16*t + 4. Let v be o(-11). Let u = v - -508. What is the units digit of u?
4
Let d = -51 + 63. Suppose -u + d - 4 = 0. What is the units digit of 81 + (4 + u)/(-4)?
8
Suppose -3*c + 16 = 5*c. Suppose 3*b + 4*h = 111, 0 = 4*b - 2*h - c*h - 176. Suppose 337 - b = 4*k. What is the tens digit of k?
7
Let i = -71066 - -112031. What is the thousands digit of i?
0
Suppose 0 = 8*j - 71*j - 86*j + 6388524. What is the hundreds digit of j?
8
Let g(u) = 2*u - 4*u - 12*u**2 - 9 - 12 - 47*u**3 + 46*u**3. Let q be g(-12). Suppose -116 = -2*r - 3*b, -3*b - 162 + q = -3*r. What is the units digit of r?
5
Let q = 19198 - 9326. What is the hundreds digit of q?
8
Let a = -3 + 5. Suppose 4*p = -a*p. Suppose -7*h + p*h = -616. What is the units digit of h?
8
Suppose -27*m = -378681 + 55302. What is the hundreds digit of m?
9
Let j = -209 - -411. Suppose -p + 737 = 4*w - j, w - 3*p - 251 = 0. What is the units digit of w?
6
Suppose 21 = 3*m + 3*g, 5*m - 50 + 12 = -2*g. Let t be 1 + 1 - (m + -9). Suppose -4*x + 382 = -2*p, x + t*p - 494 = -4*x. What is the tens digit of x?
9
Suppose 0 = 5*z - 4*b - 92, -28 = -z - 28*b + 24*b. What is the units digit of 4 - (3/(-12) - 9255/z)?
7
Let v(r) = 34*r - 125. Let h(q) = -23*q + 83. Let o(z) = 8*h(z) + 5*v(z). Let l be o(-3). Suppose -6*n = -3*n - l. What is the units digit of n?
7
Suppose 366 + 57890 = -4*g. What is the units digit of ((-2)/6 - 0) + g/(-33)?
1
Let b = 54 + -51. Suppose -u + 15 = -2*i + b, i = -4. Suppose -3*j + 7 = u*n, 2*j - 5*j + 25 = -5*n. What is the units digit of j?
5
Suppose -5*a + 207928 = -2*b, -b + 156806 + 9526 = 4*a. What is the units digit of a?
4
Let s(a) = -78*a**3 + 13*a**2 + 132*a + 7. What is the tens digit of s(-8)?
1
Let z(l) = -13050*l - 4065. What is the ten thousands digit of z(-3)?
3
Suppose 60 = 5*z - 4*w, 0 = -w - 2*w. Suppose -59 = z*d - 983. Suppose -3*m + 66 = 3*n + 2*m, 3*m = -4*n + d. What is the tens digit of n?
1
What is the units digit of (19071/15 + 1)*5?
2
Suppose -8*d - 17272 = -12*d - 3672. What is the hundreds digit of d?
4
Suppose b = 6*b - 105. Suppose -16*g = -b*g + 425. What is the tens digit of g?
8
Let w = -4508 + 9791. What is the tens digit of w?
8
Let l(a) = 51*a - 114. Let i(o) = 26*o - 57. Let s(u) = 5*i(u) - 3*l(u). What is the hundreds digit of s(-6)?
1
Let u(k) = 2*k**2 + 27*k - 86. Let r be u(26). Let h = r + -1115. What is the units digit of h?
3
Let h = 4219 - -1125.